s(-1)?
4
Let h(j) = -36*j + 39. Calculate the remainder when h(-5) is divided by 37.
34
Let f be 52/(-5)*(-20)/8. Suppose 0 = g - 4*g - 5*r + f, 0 = -3*g - r + 22. What is the remainder when 25*(1 - 1 - -1) is divided by g?
4
Suppose -5*l = 4*w - 4*l - 97, 0 = -2*w + l + 47. Calculate the remainder when w is divided by 13.
11
Suppose 2 = -2*k - 2*l, -4*l + 14 + 0 = k. Let j(v) = v**2 + 6*v + 8. Suppose t - 9 = 3*r, -t + 3*r = t - 12. Calculate the remainder when j(k) is divided by t.
2
Suppose 2*y + 3*y = 100. Calculate the remainder when 37 is divided by y.
17
What is the remainder when 99 is divided by ((-136)/6)/((-30)/45)?
31
Suppose 14 = b + 1. Calculate the remainder when (74/4)/(2/4) is divided by b.
11
Let m be (-53)/(-3) - 4/6. Let t = m - -6. What is the remainder when t is divided by 13?
10
Let z(k) = k**2 + 2*k - 5. Suppose -6*o + 2*o - 145 = -p, 0 = 5*o + 4*p + 197. Let n = o + 92. Calculate the remainder when n is divided by z(4).
17
Suppose 10 = -8*k + 10*k. Suppose 5*d + k = 0, 4*f - 7*f = d - 68. Calculate the remainder when f is divided by 5.
3
Let m = -8 - -9. What is the remainder when m + 2 - (-30)/1 is divided by 18?
15
Suppose -5*k + 49 + 11 = -5*o, -26 = -2*k + 4*o. What is the remainder when 39 is divided by k?
6
Let i = -12 - -8. Suppose 2*s - 4*o - 24 = o, 3*s = 2*o + 36. Let m = s + i. What is the remainder when m is divided by 5?
3
Suppose -2*i + 9 = i. Suppose -5*v + 43 = i. Calculate the remainder when v is divided by (-1 + (-1 - -1))*-5.
3
Let m = -20 - -36. What is the remainder when 62 is divided by m?
14
Suppose -5*n + 19 = 2*x, 2*x = -3*n + 2*n + 23. Let d(a) = -10*a - 5. What is the remainder when d(-5) is divided by x?
9
Suppose -5*l + 8*l = 24. What is the remainder when 21 is divided by l?
5
Suppose 0*s + 9 = s. Suppose 4*t + 7 = 3*j, -j + 2*t + t = 1. Calculate the remainder when ((-34)/(-4))/(j/10) is divided by s.
8
Let d(p) = p + 4. Let b be d(-2). Suppose -5*x = 3*q - 48, -b*x + 18 = 4*q - 4. What is the remainder when 25 is divided by x?
7
Let s = 22 + -7. Suppose m + 23 = 3*t, -3*m - 19 = t - 0. Let b = m + s. Calculate the remainder when 12 is divided by b.
5
Let v(m) = 2*m + 4*m - 4*m + m**3 + 8*m**2 + 6. Let s = -25 + 18. Calculate the remainder when v(s) is divided by 21.
20
Let d(c) be the first derivative of c**4/4 + 8*c**3/3 + 5*c**2/2 - 8*c - 1. What is the remainder when d(-7) is divided by 4?
2
Let s(o) = -23*o - 6. Let d be s(-5). Let y be (-1)/(-2)*-17*-2. Suppose 4*g + y = d. Calculate the remainder when g is divided by 8.
7
Let m(o) = -o**2 - 4*o + 7. Let f be m(-5). Suppose -f*w = 3*w + 5. Calculate the remainder when 29 is divided by (-8)/w + (4 - 2).
9
Suppose -85 = -12*w + 11. Let x = 2 - -1. What is the remainder when w is divided by x?
2
Suppose -4*w + x = -426, w - 56 = 3*x + 45. Calculate the remainder when w is divided by 6/(-1)*(-9)/2.
26
Suppose k + 11 = 3. Let g = k - -14. Calculate the remainder when 17 is divided by g.
5
Let k = 5 + -2. Suppose -5*t = 2*w - 48, 0*w + 52 = 2*w + k*t. What is the remainder when w is divided by 10?
9
Suppose 3*d + 0*t + 2*t - 21 = 0, 0 = d - 5*t + 10. Calculate the remainder when (-3*2/(-3))/(2/19) is divided by d.
4
Suppose 0*n = -4*n - 100. Let z = -18 - n. What is the remainder when z is divided by 5?
2
Let l(a) = 15*a - 21. Calculate the remainder when 193 is divided by l(4).
37
Suppose -6*v + 272 + 634 = 0. Calculate the remainder when v is divided by 9.
7
Let v = -6 - -20. Suppose -37*h + 34*h = -75. Calculate the remainder when h is divided by v.
11
Suppose -4*o = -3*g - 1, -2*g + 22 = -0*g + 3*o. Let p = g + 0. Calculate the remainder when p is divided by 3.
2
Suppose -4*y = -0*y. Suppose y*f + 140 = 5*k - 2*f, k + 5*f - 1 = 0. What is the remainder when k is divided by 7?
5
Let s(h) = 6 - 6*h**2 + 0*h + h**3 - 3 + 4*h + h. Let i be s(5). Suppose -7*q = -i*q - 100. What is the remainder when q is divided by 13?
12
Let w = 2 + 3. What is the remainder when 6 is divided by w?
1
Let u = 41 + -18. Suppose -2*r = -19 - u. What is the remainder when 41 is divided by r?
20
Suppose -14 = -c + x, 4*x = -c - 0*x - 1. Calculate the remainder when c is divided by 3.
2
Let w(p) = 32*p - 1. Let l be w(-2). Let d = l - -105. What is the remainder when d is divided by 21?
19
Let y(b) = -32*b**2 + 21*b + 14. Let n(q) = -11*q**2 + 7*q + 5. Let g(f) = 17*n(f) - 6*y(f). Calculate the remainder when g(-3) is divided by 17.
16
Let m = -27 - -37. Calculate the remainder when 16 is divided by m.
6
Let d = 11 + -8. What is the remainder when 17 is divided by d?
2
Suppose 13*a - 40 = 8*a. What is the remainder when 14 is divided by a?
6
Let c(x) = -11*x - 1. Let g be c(3). What is the remainder when -3 + 2 - -2 - g is divided by 12?
11
Let i be -10 - 2/3*3. Let y be 6/(-1 + (3 - 0)). Let m = y - i. Calculate the remainder when 29 is divided by m.
14
Let v(y) = 6*y - 1. Let u be v(2). Suppose -i = u - 64. Calculate the remainder when i is divided by 18.
17
What is the remainder when 50 is divided by 13/3*(3 - -3)?
24
Let w be 141 + -3*(-1)/3. Suppose 5*i = 58 + w. Let q = 12 + i. Calculate the remainder when q is divided by 18.
16
Calculate the remainder when 27 is divided by 6*1 - (-2 - 4/(-4)).
6
Let j(c) = c**3 + 9*c**2 - 9*c + 14. Let z be j(-10). Suppose -4*m + 290 = 3*w - 9, 152 = 2*m + z*w. Calculate the remainder when m is divided by 19.
17
Suppose -5*n - 7 + 27 = 0. Let d = -18 + 28. Calculate the remainder when d is divided by n.
2
Suppose -3*w + 3 + 3 = 0. Let l be 3/((-6)/3 - -3). Suppose g - 3*b - 16 = 0, w*g = -0*b + l*b + 17. What is the remainder when 1 is divided by g?
0
Let s(y) = y**2 - 9*y + 23. Suppose 0 = -4*x + 2*t + 176, 3*x - 58 - 73 = t. What is the remainder when x is divided by s(8)?
13
Let l(v) = 2*v**2 + 10*v + 6. Let a = -9 - -16. Calculate the remainder when l(-7) is divided by a.
6
Let p(l) = 4*l**3 + l. Let b be p(-1). Let s = b + 8. Suppose 4*k - 5 - 3 = 0. Calculate the remainder when s is divided by k.
1
Suppose -3*y + 29 - 9 = -2*r, 2*r + 12 = y. Suppose -13*j = -14*j + 13. What is the remainder when j is divided by y?
1
Suppose 5*r - 5*v = 0, 2*r = 3*r - 4*v + 12. Let y = -26 - -32. What is the remainder when 1/((-2)/r) - -12 is divided by y?
4
Suppose 5*v + 0*k = -k + 13, 4*v - 5 = k. Let h(s) = 7 - s**2 - 5*s + 2*s - 4. What is the remainder when h(-3) is divided by v?
1
Suppose 28 = s - 13. Suppose 16 = 4*i - 28. What is the remainder when s is divided by i?
8
Let s(f) = f**2 - 4*f - 8. Let r be s(6). Suppose 4*j + 5*d = 7 + 11, r*j = 2*d + 32. Calculate the remainder when 19 is divided by j.
5
Suppose 4*l - 5 = 3*l. Suppose 3*h - y = -0*y + 5, -y - 5 = 0. What is the remainder when l is divided by (1 - 1) + h + 2?
1
Let v(d) = d**2 - 3*d + 2. Let b be v(4). Suppose i = 2*y + b + 1, -y = 1. Calculate the remainder when 13 is divided by i.
3
Let w(f) be the first derivative of f**2/2 + 4*f - 2. Let g be (2/(-3))/(1/(-9)). What is the remainder when w(g) is divided by 6?
4
Let b(n) = 2*n**2 - 6*n + 6. Let q(p) = p**3 - 4*p**2 + 5*p - 2. What is the remainder when b(4) is divided by q(3)?
2
Let w = -10 - 0. Let g = -19 - w. Let f = 13 + g. Calculate the remainder when 13 is divided by f.
1
What is the remainder when 125 is divided by 20/25*65/2?
21
Suppose -2*x = 2*x - 20. Suppose 6*w + 13 = 2*w + x*d, 0 = -2*w + d + 1. Calculate the remainder when ((-1)/1)/1 - -6 is divided by w.
2
Let l(o) = 5*o + 1. Let s(k) = -3*k + 3. What is the remainder when l(4) is divided by s(-3)?
9
Let k = 85 - 15. What is the remainder when k is divided by 57/(-95) - 246/(-10)?
22
Let b = 10 + -6. Suppose 20 = 4*j, -2*j = -b*w + 3*j + 79. What is the remainder when w is divided by 9?
8
Let q = -10 - 0. Calculate the remainder when (-706)/q - (-14)/35 is divided by 24.
23
Let x = -12 + 22. Suppose -x = 4*t + t. Calculate the remainder when 49 is divided by 105/6 + t/4.
15
Let h(o) = 6*o + 6. What is the remainder when 106 is divided by h(5)?
34
Let x = 53 - 30. Let p = x + -13. Let l(d) = 27*d**2 - d - 1. Calculate the remainder when l(-1) is divided by p.
7
Let v(n) = n**3 + 5*n**2 + 3*n. Let m be v(-4). Suppose -m*c = -9*c. Suppose c = 7*k - 4*k - 15. What is the remainder when k is divided by 2?
1
Suppose 2*i - 1 + 7 = 0. Let d be 6/